1 + 2 + 3*z. Determine a(-1).
-3
Let d(l) = l. Let v be 5/20 + 0 + 29/(-4). Determine d(v).
-7
Let d(g) = -14*g**2 + 21*g. Let y(s) = 3*s**2 - 4*s. Let m(u) = 4*d(u) + 21*y(u). Suppose -2*v = -3*n + 14, -8*v - 3*n + 11 = -7*v. Determine m(v).
7
Suppose -1 = 4*n - 9. Let b(d) = -19*d + 1. Let z(k) = -10*k. Let l(p) = 3*b(p) - 5*z(p). Calculate l(n).
-11
Let z(p) be the third derivative of -p**6/120 - p**5/20 + p**4/6 + p**3/3 - p**2. Suppose -3*l - 2*l = 4*b + 7, 4*l = 4. Calculate z(b).
-10
Let v = -54 + 58. Let a(k) be the first derivative of k**4/4 - 4*k**3/3 + k**2 - 2*k + 1. Give a(v).
6
Let x(f) be the first derivative of -f**4/12 + 5*f**3/6 - f**2 - 2*f - 2. Let s(j) be the first derivative of x(j). Calculate s(5).
-2
Let f = 5 + 2. Let x = -7 + f. Let t(u) = u**3 - u**2 - u - 2. Calculate t(x).
-2
Let t(s) be the third derivative of -s**4/24 - s**3/6 - 3*s**2. Let b be (-1 + 3)*(-14)/(-4). Let m(k) = 4*k + 4. Let g(y) = b*t(y) + 2*m(y). Give g(4).
5
Let f(z) = 2*z**2 + 1 + 10*z**2 + 4*z**2 + 6*z - z**3 - 11*z**2. Determine f(6).
1
Let a(t) be the second derivative of -1/6*t**3 + 0 + 2*t + 9/2*t**2. What is a(5)?
4
Let s(h) = 4*h - 8 - 10 + 14 - 6*h**2 + h**3. What is s(5)?
-9
Let c(t) = 38*t - 25*t + 3 - 4. Let d(p) = p**2 - 4*p + 4. Let y be d(3). Calculate c(y).
12
Let r(u) = -u**3 + 10*u**2 - 9*u. Suppose 4*x = 16*x - 108. Determine r(x).
0
Suppose -u - u - 6 = 0. Let a be (4 - 1)/(-3) + 3. Let s(v) = -5*v - v**3 + 0 - 5 - 4*v**a + 1. Give s(u).
2
Let a be 2 - ((-3)/(-1) - 3). Suppose 2*m - 8 = -a*m. Let n(l) = 2*l - m*l - l + 0*l. Give n(-2).
2
Let b(i) = 2*i**2 - 2*i - 15. Let j(o) = -o**2 + o + 7. Let v(q) = -2*b(q) - 5*j(q). Determine v(0).
-5
Let p(h) = 3*h + 2. Let t(q) = 3*q - 3. Let w be t(3). Let v be 3*(0 + w/9). Give p(v).
8
Let b(c) = 135*c**3 + c**2 - 134*c**3 + 1 + 1 - c. Suppose -6*r + 27 = -3*r. Let x be (-40)/18 - (-2)/r. Calculate b(x).
0
Let i(z) = -z**2 - 4*z - 2. Let w(u) = -u**2 - u. Let s be w(-4). Let p = s - -8. Give i(p).
-2
Let i(x) = -7*x - 77*x**2 + 5 + 159*x**2 - 81*x**2. Give i(8).
13
Let t(d) = d**2 + 3*d. Let x(v) = 0*v**2 - 2 - 3*v - 2*v + 1 - v**2. Let s be x(-4). Suppose 0 = 3*u - 4*u - s. Calculate t(u).
0
Let m(r) = -r + 8. Let a be m(6). Let x be (1 + -4)/(a/6). Let s be x/(-2) - 4/(-8). Let o(d) = d**3 - 6*d**2 + 6*d + 1. Calculate o(s).
6
Let v(m) = -m**2 - m + 5. Let w = -6 + 9. Let o(k) = -k**2 + 2*k + 3. Let j be o(w). Give v(j).
5
Let a(r) be the second derivative of r**3/2 - r**2 - 3*r. Give a(4).
10
Let g be (-4 - (-30)/5)/(-1 - 1). Let v(b) be the second derivative of -11*b**5/20 - b**4/12 + 2*b. Calculate v(g).
10
Let u(s) = -s**3 - 2*s**2 + s + 2. Let j be (-17 - -18)/(0 - (-1)/2). Determine u(j).
-12
Suppose -16 = -2*f + 4*y, f - 3*y + 27 = -8*y. Let u(c) = -c**3 - c**2 - c + 1. Determine u(f).
7
Let v(c) = -c. Let f(z) = -z**2 + 9*z - 3. Let g be f(6). Let m = 9 - g. Calculate v(m).
6
Suppose 30*w = 14*w - 48. Let t(b) = -3 + 4*b**2 + b**3 + 5 - b**2 + 2*b. What is t(w)?
-4
Let y(b) be the first derivative of 2/3*b**3 + 0*b**2 + 1/360*b**6 + 0*b**4 - 3 + 0*b - 1/120*b**5. Let o(i) be the third derivative of y(i). Determine o(0).
0
Let k(z) = -z**3 + 2*z**2 + z + 1. Let w be k(3). Let m(t) be the second derivative of t**5/20 + t**4/3 - 2*t**3/3 + 2*t**2 - 74*t. What is m(w)?
-1
Suppose 0 = 3*c - 14 + 38. Let i be -4*(-1)/(c/(-6)). Let p(u) = u**3 - 2*u**2 - 5*u + 2. Calculate p(i).
-4
Let r(y) = 4*y**2 - 3*y - 11. Let j(b) = -9*b**2 + 7*b + 23. Let d(c) = -3*j(c) - 7*r(c). Suppose u = 4*u. Give d(u).
8
Suppose h - 5 = 3*j - 4*j, -5*h + 7 = -4*j. Let a(l) = 0 - 5*l + 3*l**3 + 1 - 5*l**j - 4*l**3 - 3. Give a(-3).
-5
Let m(d) = -d**3 + 4*d**2 - 4*d + 3. Let q be m(2). Suppose q*t - 9 = 6*t. Let j(a) = -a**3 - 5*a**2 - 5*a - 2. Calculate j(t).
-5
Let d(c) be the third derivative of -c**7/5040 + c**6/180 + c**5/20 + c**2. Let v(k) be the third derivative of d(k). What is v(-4)?
8
Let b(v) be the second derivative of -v**7/105 + v**6/360 - v**5/120 - v**4/24 + v**3/3 - v. Let j(o) be the second derivative of b(o). Determine j(-1).
9
Let m(d) = 5*d + 1. Let z(i) be the third derivative of i**4/4 + i**3/6 + i**2. Let p(a) = 7*m(a) - 6*z(a). Let y = 1 - -1. Give p(y).
-1
Let j(c) = -c**3 - 4*c**2 + 3*c + 1. Let b = -45 - -41. What is j(b)?
-11
Let j = -17 - -16. Let y(a) = -9*a - 5. Let k(x) = x + 1. Let b(r) = 4*k(r) + y(r). What is b(j)?
4
Let o(z) = -1 - 16*z**3 + 57*z**3 - 2*z - 16*z**3 - 18*z**3. Let n = -19 - -28. Suppose 0 = -4*s + n*s + 5. Give o(s).
-6
Let o(x) = 2*x. Let p(h) = h. Let c be p(4). Give o(c).
8
Let x(h) be the first derivative of -5*h**3/3 - 2*h**2 - 3*h - 1. What is x(-2)?
-15
Let s(z) = -z**2 + 8*z + 2. Let b be s(8). Let p(i) = -i**3 - 8*i**2 + i + 8. Let d be p(-8). Let l(x) = -7*x + b - 3*x - 1 + d. What is l(-1)?
11
Let f(i) = i**3 - 5*i**2 + 7*i - 5. Let g(m) be the third derivative of -m**6/120 + m**5/10 - m**4/6 - m**3/6 + m**2. Let r be g(5). What is f(r)?
7
Let a be (2/5)/((-2)/30). Let r(c) = c**3 - c**2 - c. Let q(v) = 3*v**3 + 4*v**2 - 2*v + 1. Let w(i) = -q(i) + 2*r(i). Calculate w(a).
-1
Let y(a) be the second derivative of -3*a**3/2 - a**2/2 - 5*a. Give y(1).
-10
Let q = -3 - 0. Let f(k) be the third derivative of k**5/60 - k**3/3 + 2*k**2. Let m(z) be the first derivative of f(z). Determine m(q).
-6
Let q(d) = -d. Let o be q(0). Let s(w) be the first derivative of -w**2/2 + 5*w - 2. What is s(o)?
5
Suppose 0*n = -3*n. Suppose 4*k + 9 = -n*j - j, -3*k + 2 = -j. Let d(a) = a**3 + 6*a**2 + 5*a - 5. Determine d(j).
-5
Let d(v) = v**3 + 5*v**2 - 6*v. Let z = 13 + -19. Give d(z).
0
Let k(n) be the second derivative of -n**4/12 + 5*n**3/6 - 6*n. Calculate k(7).
-14
Let a(b) be the second derivative of -b**7/1260 - b**6/180 + b**5/120 + b**4/3 - 2*b. Let j(y) be the third derivative of a(y). Determine j(-3).
-5
Let t(f) = 11*f**3 + 2*f**2 + f. Suppose 3*k + q = 2*k + 2, -2*q + 3 = 3*k. Calculate t(k).
-10
Suppose 4*u = -12 - 8. Let l(i) = 5*i**2 + 10*i + 3. Let n(g) = 5*g**2 - 9*g - 5*g**2 - 3 - 4*g**2. Let a(d) = -3*l(d) - 4*n(d). Determine a(u).
-2
Let l(h) = 2*h**3 - 4*h**2 - 12*h - 7. Let f(q) = q**3 - 5*q**2 - 11*q - 6. Let s(y) = 3*f(y) - 2*l(y). Determine s(-6).
14
Let c(q) = q**2 + 5*q - 3. Let g(w) = w**2 + 5*w - 3. Let j(m) = -3*c(m) + 4*g(m). What is j(-6)?
3
Let s(p) = -p**2 + 1. Let z be s(-1). Suppose z*x - 3*x = 0. Let b(n) = 1 - 5*n + 3*n + 3*n + x*n. Calculate b(4).
5
Let m(v) = v - 4. Let g be m(9). Suppose -y - 4 = -g*y. Let t(n) = 13*n - 1. What is t(y)?
12
Let i = 16 + -8. Suppose -32 = -4*v - i. Let k(q) = q**2 - 5*q - 5. Give k(v).
1
Let h(c) = c**2 - 6*c - 14. Let s be h(7). Let p(d) = d**2 + 9*d + 2. Give p(s).
-12
Let x(p) be the first derivative of 1 - 1/2*p**2 + 6*p. What is x(0)?
6
Let r(z) = z. Suppose 2*s + 36 = 110. Suppose 2 = -2*i - 5*g + g, -3*i + 4*g = -s. Suppose -3*l - i = -3*f + 8*f, 5*l = 5. Give r(f).
-2
Let t = 48 + -40. Let j(p) = 2*p - 9. Give j(t).
7
Let r(p) = -11*p. Suppose f - 6*f = -25. Suppose 8 + 12 = f*a. Suppose t + 2*t + m = -2, -a*m = -t + 21. Give r(t).
-11
Let s(v) be the first derivative of -2 - 3/2*v**2 + 6*v. Let d = 5 - 1. What is s(d)?
-6
Let y = -31 - -13. Let p be (18/27)/(4/y). Let b(o) = -2*o**2 - 3*o - 3. Calculate b(p).
-12
Let f = -5 - -2. Let w(n) = -3*n**3 + 16*n**2 - 3*n. Let t(r) = r**3 - 7*r**2 + r. Let c(x) = -5*t(x) - 2*w(x). Give c(f).
-3
Let h = 62 + -44. Suppose h = 4*i - i. Suppose 0*x + i = 2*x. Let b(t) = -t**3 + 4*t**2 - 3*t. Give b(x).
0
Let d(r) = 9*r - 6. Let t(k) = -k. Let j(p) = -d(p) - 12*t(p). Suppose 5*x - 6*o = -3*o - 29, 4*x - 2*o + 22 = 0. Give j(x).
-6
Let i(w) = -w**3 - 2*w**3 - 30*w**2 + 31*w**2. What is i(-1)?
4
Let l(q) = q + 8. Let r be l(0). Suppose 5*d - r = 17. Let o(c) = -c**3 - d*c + 5*c - 2 + 6*c + c + 4*c**2. Determine o(5).
8
Let x(b) = -b**2 + b - 1. Suppose -2*y - 2*y = 8. Determine x(y).
-7
Let g(s) = s**3 - 3*s**2 + 2*s + 1. Suppose -y + 1 = -z, -4*y + 9 = y - z. Suppose y*b + 12 = 6*b. What is g(b)?
7
Let w be (-3)/9 - 28/(-12). Let q be -1 + 4 + -2 + w. Suppose 5 = 2*x + q*x. Let r(a) = -11*a**3 + a**2 + a - 1. What is r(x)?
-10
Let q(d) = -d**2 - 6*d - 7. Let j be 4*-3*(-2)/6. Let k = j - 9. Determine q(k).
-2
Let i(p) be the second derivati